10674.
2, 53, 83, 41863
List the prime factors of 131740830.
2, 3, 5, 13, 12511
List the prime factors of 484181452.
2, 121045363
List the prime factors of 995623507.
157, 6341551
List the prime factors of 432931089.
3, 31, 4655173
What are the prime factors of 5211140735?
5, 19, 54854113
What are the prime factors of 341443461?
3, 9533, 11939
What are the prime factors of 53344372?
2, 13336093
What are the prime factors of 1838111347?
1838111347
What are the prime factors of 106094381?
2029, 52289
List the prime factors of 134457755.
5, 59, 455789
List the prime factors of 1116728729.
23, 83, 584981
List the prime factors of 1397461982.
2, 7, 17, 1201, 4889
List the prime factors of 49559467.
19, 2608393
List the prime factors of 975315972.
2, 3, 81276331
What are the prime factors of 33556765?
5, 11, 610123
What are the prime factors of 43836706?
2, 21918353
List the prime factors of 197546633.
197546633
What are the prime factors of 964683929?
11, 87698539
List the prime factors of 1063994932.
2, 7, 11, 13, 20441
List the prime factors of 53419271.
23, 2322577
What are the prime factors of 8922987036?
2, 3, 47, 61, 86453
List the prime factors of 168107118.
2, 3, 17, 727, 2267
What are the prime factors of 81271476?
2, 3, 11, 13, 15787
List the prime factors of 373450002.
2, 3, 7393, 8419
List the prime factors of 101196786.
2, 3, 1129, 14939
List the prime factors of 10583285.
5, 19, 101, 1103
What are the prime factors of 56442784?
2, 281, 6277
What are the prime factors of 168486083?
43, 3918281
What are the prime factors of 480822391?
7, 157, 437509
List the prime factors of 965802241.
31, 31154911
List the prime factors of 5080628626.
2, 31, 67, 653, 1873
List the prime factors of 70122789.
3, 11, 708311
List the prime factors of 5924690406.
2, 3, 2861, 4261
List the prime factors of 489205272.
2, 3, 20383553
What are the prime factors of 2243321000?
2, 5, 139, 16139
What are the prime factors of 99966482?
2, 7, 11, 761, 853
List the prime factors of 1656091583.
53, 5557, 5623
What are the prime factors of 202673032?
2, 25334129
What are the prime factors of 904353105?
3, 5, 60290207
What are the prime factors of 1870177064?
2, 7, 2003, 16673
List the prime factors of 387784750.
2, 5, 43, 36073
List the prime factors of 4794590552.
2, 2939, 203921
List the prime factors of 82233864.
2, 3, 41, 89, 313
List the prime factors of 3991699453.
7, 37, 15411967
List the prime factors of 3368935223.
59, 83, 127, 5417
List the prime factors of 519145473.
3, 7, 11, 17, 132199
List the prime factors of 34334419.
7, 2081, 2357
What are the prime factors of 1245307171?
17, 2239, 32717
What are the prime factors of 2240958?
2, 3, 139, 2687
What are the prime factors of 67072021?
17, 3945413
What are the prime factors of 104445216?
2, 3, 362657
List the prime factors of 274711738.
2, 7, 17, 164893
What are the prime factors of 22472010?
2, 3, 5, 11, 22699
List the prime factors of 881200627.
17, 569, 91099
What are the prime factors of 148159534?
2, 71, 1043377
What are the prime factors of 4819807?
4819807
List the prime factors of 206957752.
2, 89, 290671
List the prime factors of 1654719128.
2, 206839891
List the prime factors of 133897997.
19, 7047263
List the prime factors of 8225558781.
3, 11, 167, 1492571
What are the prime factors of 8661682?
2, 19, 103, 2213
What are the prime factors of 3685219829?
17, 31, 97, 72091
What are the prime factors of 271035278?
2, 43, 3151573
List the prime factors of 8455961736.
2, 3, 3733, 10487
What are the prime factors of 861088501?
7, 13, 9462511
What are the prime factors of 817127306?
2, 6277, 65089
What are the prime factors of 5004375576?
2, 3, 208515649
What are the prime factors of 46648260?
2, 3, 5, 259157
List the prime factors of 50690523.
3, 13, 103, 12619
What are the prime factors of 542641021?
13, 41741617
List the prime factors of 231754231.
10111, 22921
List the prime factors of 930400846.
2, 1741, 267203
List the prime factors of 73471866.
2, 3, 13, 941947
What are the prime factors of 175968720?
2, 3, 5, 41, 1987
What are the prime factors of 133342065?
3, 5, 59, 16741
What are the prime factors of 155659858?
2, 77829929
List the prime factors of 39874052.
2, 863, 11551
List the prime factors of 9274548.
2, 3, 29, 919
List the prime factors of 731204985.
3, 5, 7, 29, 439, 547
List the prime factors of 307510818.
2, 3, 79, 229, 2833
What are the prime factors of 343601767?
343601767
List the prime factors of 1126384687.
3719, 302873
What are the prime factors of 36037410?
2, 3, 5, 1201247
What are the prime factors of 102719268?
2, 3, 41, 69593
What are the prime factors of 47620495?
5, 13, 31, 23633
List the prime factors of 161959440.
2, 3, 5, 674831
List the prime factors of 31627739.
11, 13, 221173
List the prime factors of 23013597.
3, 17, 47, 9601
What are the prime factors of 421506190?
2, 5, 7, 6021517
What are the prime factors of 4838916326?
2, 2419458163
What are the prime factors of 27917461?
11, 13, 197, 991
What are the prime factors of 7938260?
2, 5, 11, 36083
What are the prime factors of 710906464?
2, 29, 79, 9697
What are the prime factors of 1268489904?
2, 3, 11, 977, 2459
List the prime factors of 171641379.
3, 7, 13, 617, 1019
List the prime factors of 48143319.
3, 7, 67, 34217
What are the prime factors of 122313040?
2, 5, 631, 2423
List the prime factors of 64196773.
4451, 14423
List the prime factors of 176292908.
2, 11, 31, 307, 421
What are the prime factors of 3859640333?
3859640333
List the prime factors of 9180324.
2, 3, 167, 509
What are the prime factors of 2946885817?
2946885817
What are the prime factors of 10073294?
2, 7, 11, 149, 439
List the prime factors of 321148818.
2, 3, 41, 435161
What are the prime factors of 129121846?
2, 7, 9222989
What are the prime factors of 5983269?
3, 17, 117319
What are the prime factors of 26033631?
3, 13, 23, 29023
List the prime factors of 795311076.
2, 3, 7, 31, 305419
List the prime factors of 1776068989.
239, 2081, 3571
List the prime factors of 121306487.
121306487
List the prime factors of 1195907335.
5, 7, 277, 293, 421
List the prime factors of 157965148.
2, 11, 3590117
What are the prime factors of 738593158?
2, 23, 16056373
What are the prime factors of 47831013?
3, 17, 104207
What are the prime factors of 170088160?
2, 5, 11, 241, 401
List the prime factors of 826025805.
3, 5, 11, 1668739
What are the prime factors of 1871562398?
2, 935781199
What are the prime factors of 57980051?
3697, 15683
List the prime factors of 106443793.
23, 311, 647
What are the prime factors of 242789672?
2, 30348709
What are the prime factors of 746259984?
2, 3, 47, 71, 1553
What are the prime factors of 252668880?
2, 3, 5, 29, 12101
What are the prime factors of 74488104?
2, 3, 37, 27961
What are the prime factors of 347854437?
3, 7, 5521499
What are the prime factors of 74189707?
74189707
What are the prime factors of 111294930?
2, 3, 5, 23, 101, 1597
List the prime factors of 4075225528.
2, 11, 31, 197, 7583
What are the prime factors of 15293235?
3, 5, 1019549
List the prime factors of 37968288.
2, 3, 409, 967
List the prime factors of 62042481.
3, 73, 94433
List the prime factors of 1795487491.
7, 256498213
List the prime factors of 322209314.
2, 7, 29, 107, 7417
List the prime factors of 47352911.
29, 83, 103, 191
List the prime factors of 79898848.
2, 1087, 2297
List the prime factors of 191930149.
29, 6618281
List the prime factors of 150033280.
2, 5, 359, 653
List the prime factors of 116484756.
2, 3, 9707063
What are the prime factors of 65399719?
7, 11, 849347
What are the prime factors of 64715108?
2, 16178777
List the prime factors of 480911294.
2, 53, 2129, 2131
List the prime factors of 108502293.
3, 19, 23, 82763
List the prime factors of 5906240.
2, 5, 18457
List the prime factors of 1553847366.
2, 3, 79, 107, 30637
What are the prime factors of 4515082006?
2, 197, 11459599
List the prime factors of 9754486.
2, 7, 19, 36671
List the prime factors of 1177722620.
2, 5, 101, 583031
What are the prime factors of 67818244?
2, 13, 149, 8753
List the prime factors of 395301554.
2, 197650777
What are the prime factors of 156731389?
156731389
List the prime factors of 3872878219.
7, 79038331
List the prime factors of 1741